hat is the highest common factor of 56 and x?
8
Suppose 2*x - 245 = 133. Let h(y) = 3*y**2 + 2*y + 6. Let k be h(-3). What is the greatest common factor of k and x?
27
Let v = 87 - 57. What is the highest common factor of v and 15?
15
Let b be (-16)/(-28)*14/4. Suppose k - 6 = -2*y + 15, -b*y + k = -23. Let c be 2/5 - (-546)/10. Calculate the highest common factor of c and y.
11
Let f(o) = -o**2 + 2*o - 1. Let d be f(7). Let p = -24 - d. What is the greatest common factor of p and 8?
4
Suppose 0 = 3*v - 3 - 18. Suppose f - 1 - 1 = 0. Suppose -2*n + v = f*r - 3*r, -1 = -r. Calculate the greatest common factor of n and 4.
4
Let r = -132 + 228. Suppose 4*x - r = -4*x. Let s be (1 - 0 - 1) + 24. Calculate the highest common factor of x and s.
12
Let b(g) = 27*g. Let f be b(1). Let h = -16 + f. Let x(r) = r + 51. Let t be x(-7). Calculate the highest common divisor of h and t.
11
Suppose 9*g - 308 = 7*g. What is the greatest common factor of g and 22?
22
Let i be (-15)/(-1) - 0 - -1. Let q = 1 + -3. Let m be (9/q)/((-6)/64). Calculate the greatest common divisor of m and i.
16
Let i be (-14)/21*(-10 + 1). Let a = 71 + i. Calculate the highest common factor of a and 7.
7
Let u be 246/15 - 4/10. Let m(z) = 15*z + 6. Let o be m(6). Calculate the greatest common divisor of o and u.
16
Suppose -4*s + 12*s = 408. What is the highest common factor of s and 3?
3
Suppose 5*b = -0*b + 65. Let s = -21 + b. Let u = 0 - s. What is the highest common factor of 24 and u?
8
Let i be -4 + 2/(-4)*-4. Let w be ((-5)/2)/(i/8). Let z(s) = s**3 + 11*s**2 + 2*s + 10. Let p be z(-10). What is the greatest common factor of w and p?
10
Suppose 48 = -0*y + 4*y. Suppose -l = -5*n, -3*n - l - 6 = 2. Let v be ((-144)/(-21))/(n/(-14)). Calculate the greatest common factor of y and v.
12
Suppose 4*c + 104 = 3*t, -5*t = -7*t + c + 71. Calculate the greatest common divisor of 9 and t.
9
Let h(d) = 2*d**3 + 2*d**2 + 2*d + 1. Let s be h(-1). Let y be (-2 - -4)/((-4)/10). Let g = s - y. Calculate the greatest common factor of g and 12.
4
Let f(c) = -c**3 - 4*c**2 + 2*c - 5. Let t be f(-7). Suppose t = -3*a + 5*a. Calculate the greatest common divisor of 8 and a.
8
Let u be (-105)/(6/(-2)) - -1. Calculate the greatest common divisor of 90 and u.
18
Suppose -27 = -3*s - 9. Suppose -104 = -3*u - 8. Suppose -o + u + 41 = -5*a, 2*o - 81 = -3*a. What is the highest common divisor of o and s?
6
Suppose -4*w - 6 + 118 = 0. Suppose -3*u - 4 = -2*u, 4*b - 3*u = w. Suppose 2*x + b = 34. Calculate the greatest common divisor of 3 and x.
3
Suppose 42 + 88 = w. Suppose -5*v + w = 5*a, 4*a - 2*v - 104 = -0*v. Suppose -78 = -2*l + a. What is the highest common divisor of 13 and l?
13
Let g be (24/14)/(4/126). Suppose -2*c + g = -4*f + 8*f, 5*c - 36 = -f. What is the greatest common factor of f and 11?
11
Suppose -2*w = 3*m - 34, -4 + 14 = 2*w. Calculate the greatest common divisor of 4 and m.
4
Suppose -k + 2 = -0*k, 3*m - 2*k - 11 = 0. Suppose 0*c = m*c. Suppose c = 5*i - 18 - 27. Calculate the greatest common factor of 1 and i.
1
Let q(i) = 2*i**2 - i - 3. Let b be q(4). Suppose -6*l + l + b = 0. What is the greatest common divisor of 5 and l?
5
Suppose 2*j - j - 5*n = 24, -j = -4*n - 20. Suppose j*x = 2*x + 190. Suppose 0 = -4*a + x - 7. What is the greatest common factor of a and 22?
22
Let v(h) = h + 4*h**3 - 1 - h**2 + 5*h**2 + 6*h**3 - 7*h**2. Let k be v(2). What is the highest common divisor of k and 23?
23
Let r = -14 + 21. What is the greatest common divisor of r and 49?
7
Let k(p) = p**2 - 1 - 1 - 4*p + 2*p**3 + 4. Let q be k(4). Suppose 5*n - 65 = -0. Calculate the highest common divisor of n and q.
13
Suppose 0 = -4*m + 3*m + 6. Suppose 2*r = -4*r + m. Calculate the greatest common divisor of r and 7.
1
Let m = -9 + 47. Let h = -24 + m. What is the greatest common factor of 126 and h?
14
Let f = -51 + 73. Calculate the greatest common factor of 22 and f.
22
Let v be 34/9 - 2/(-9). Suppose v*d - 30 = d. What is the greatest common divisor of 20 and d?
10
Let g(c) = -4*c + 3. Let d be g(4). Let p = d + 37. Suppose -3*j = -0*j - p. Calculate the highest common divisor of j and 56.
8
Let t be 42/8 - 1/4. Suppose -t*a - 3*i = 0, 0*a - a - 5*i = 22. Suppose -m + 3 = x - 0*m, 4*m = 2*x - 6. What is the highest common divisor of x and a?
3
Let t = 119 - -54. Let v = -43 + t. Suppose 3*w = y - w - 5, -5*w = 4*y - 62. Calculate the highest common divisor of y and v.
13
Let j = -434 + 742. Suppose -17*c + 21*c - 112 = 0. Calculate the greatest common divisor of j and c.
28
Let s = -12 + 17. Let m be (-5)/(-25) - (-39)/s. Suppose d = 0, 3*b - 5*d = 4 + 8. What is the greatest common factor of m and b?
4
Let r(y) = -2*y - 11. Let m be r(-10). Let f = 4 + m. Calculate the greatest common divisor of 39 and f.
13
Let h = 28 - 20. Suppose -68 = -3*w + 2*n, -3*w + 3*n + n + 64 = 0. Calculate the highest common divisor of w and h.
8
Let z(s) be the second derivative of s**3/6 + 4*s**2 - 4*s. Let p be z(7). What is the highest common divisor of 3 and p?
3
Suppose -21*j + 24*j - 207 = 0. What is the greatest common divisor of 46 and j?
23
Let h(q) be the first derivative of -3 + 1/3*q**3 + 0*q - 1/2*q**2. Let r be h(-4). What is the greatest common factor of 4 and r?
4
Let q = 6 - -29. Let m(h) = h - 2. Let d be m(7). Calculate the highest common divisor of d and q.
5
Suppose 0 = -h + 2*h + 5*t - 115, -3*t + 597 = 5*h. What is the highest common divisor of 20 and h?
20
Let u = 10 + -7. Suppose f + u*f - 96 = 0. Calculate the greatest common factor of 6 and f.
6
Let h(l) = -3*l**3 - l**2 - l - 1. Let u be h(-1). Calculate the highest common divisor of u and 5.
1
Suppose -40 = -3*c - c. Let r = 6 - 0. Let f be 1212/11 - r/33. What is the highest common divisor of f and c?
10
Let b be (-244)/(-16) - 1/4. Calculate the highest common factor of 135 and b.
15
Suppose s + 40 = -5*c - 3*s, -3*c + s - 7 = 0. Let r = c + 12. Let o be 4/14 - (-556)/14. Calculate the greatest common factor of o and r.
8
Let p(y) = 22*y + 22. Let l be p(2). Calculate the highest common factor of l and 6.
6
Let v be 330/11*2/(-4). Let d be 5/v - (-10)/3. What is the highest common factor of 6 and d?
3
Let v = 74 + -44. What is the greatest common divisor of v and 10?
10
Let z = -5 - -9. Suppose -81 = -5*f + h, 2*f + z*h - 3*h - 38 = 0. Calculate the highest common divisor of f and 136.
17
Suppose -2*b = 3*b - 80. Let m be 1/((-46)/b - -3). Let z(f) = -f**2 + 14*f + 7. Let k be z(7). Calculate the highest common factor of k and m.
8
Suppose 5*n - 6 = 3*n. Suppose -n*v = -4*z + 80, v - 16 + 56 = 2*z. Suppose 7*o - 2*o = 25. What is the greatest common divisor of o and z?
5
Suppose 0*z - 7 = -z. Let f(j) = -j**3 + 6*j**2 + 11*j - 10. Let r be f(z). Calculate the greatest common factor of r and 198.
18
Suppose -4*r + 92 = -0*r. Suppose -3*d = -7 - r. Calculate the highest common divisor of d and 25.
5
Let w(u) be the first derivative of -u**3/3 + 11*u**2/2 - 10*u + 1. Let k be w(7). Let q be 6/21 + (-61)/(-7). Calculate the highest common divisor of q and k.
9
Let n be ((-112)/(-20))/(4/10*1). What is the highest common factor of 14 and n?
14
Suppose 2*n - 3*b - 25 = 6, -4*b = n - 32. What is the highest common divisor of 4 and n?
4
Let q = -9 + 19. What is the greatest common divisor of 110 and q?
10
Suppose 3*h + 15 = 0, -3*t - 2*h - 6 = -7*t. Let d be ((t - 0) + 4)/1. Let q = 3 - -6. What is the highest common factor of q and d?
3
Let p(y) = -28*y - 3. Let x be p(-3). Suppose 4*t - x = 271. Calculate the highest common divisor of t and 22.
22
Let d(c) = c - 2. Let z be d(6). Let n = z + 0. Let b(l) = 5*l**3 - 4*l**2 + 3*l - 2. Let m be b(2). What is the highest common divisor of n and m?
4
Let z = 191 - 100. Calculate the greatest common divisor of z and 13.
13
Let v(c) = -c**3 + c**2 + 4. Let r be v(-3). Let m(y) = y**3 - 2*y**2 - 21*y - 13. Let a be m(6). What is the greatest common factor of a and r?
5
Suppose 6*u - 3*u = 144. Calculate the highest common factor of u and 12.
12
Suppose 0 = -0*k + 3*k - 2*j - 24, -2*k - 3*j + 3 = 0. What is the highest common factor of 3 and k?
3
Let i(f) = 5*f**2 - 4*f - 3. Let q be i(-2). Suppose 4*k - d - 5 = 3*k, -25 = -5*d. What is the greatest common divisor of k and q?
5
Let u(x) = 4*x**2 + 5